p + 4734. Calculate the remainder when p is divided by 22.
20
Let h be ((-153)/6)/(18/(-12)). Suppose k - h = -4*v, 5*k = -5*v + 19 + 21. What is the remainder when 13 is divided by k?
3
Suppose 120*q - 116*q = -2*c + 14692, -q = -c - 3685. What is the remainder when q is divided by 26?
11
Suppose -2*v - m + 450 = 3*v, m - 86 = -v. Let g = -4257 - -4290. Calculate the remainder when v is divided by g.
25
Let y(r) = -r**3 + 8*r**2 + r - 17. Calculate the remainder when (-6)/(-18) + (-706)/(-6) is divided by y(7).
1
Suppose -51*p + 56*p - 192 = -4*g, 50 = p - 5*g. What is the remainder when 1326 is divided by p?
6
Suppose -4*x = -w + 6, -2*w - x = -22 + 1. What is the remainder when 4/6*1/(w/1545) is divided by 26?
25
Suppose 320*s - 324*s = -4. What is the remainder when 129 is divided by (420/24)/(s/2)?
24
Suppose -4*i + 2*l = -10, -l - l - 6 = -3*i. Suppose i*q - 1307 = -391. Calculate the remainder when q is divided by 23.
22
Let c(v) = 18*v + 1018. Suppose 3*g = 7*g - 20. Suppose 0*b - 5*b + 2*q = -146, 4*b - 110 = g*q. What is the remainder when c(-50) is divided by b?
28
Let f be (-22)/(-10) + -2*4/40. Suppose f*a = -36 + 124. Suppose 0 = -m + t + a, 0*t - 3*t = 5*m - 244. What is the remainder when m is divided by 8?
7
Calculate the remainder when (-11 + 999/81)/((-1)/(-336)) is divided by 44.
8
Suppose 2*r = -3*w + 509, 7*w - 1019 = -4*r + 2*w. Suppose -4*n + 247 = l, l = 15*n - 10*n + r. What is the remainder when l is divided by 18?
17
Let c(a) = a**2. Let h(x) = 15*x**2 - 3. Let i(k) = -c(k) + h(k). What is the remainder when i(-2) is divided by 5?
3
Suppose -20 = -93*g + 95*g. What is the remainder when 143 is divided by (-2)/g - 267/(-15)?
17
Suppose -5*o - 17*z + 123 = 0, o - 3*z = -2*o + 153. What is the remainder when 280 is divided by o?
10
Suppose 9*b + 2230 = -65. Let j = -253 - b. Suppose 18 = 5*k - 12. What is the remainder when k is divided by j?
0
Let c(i) = -2*i**2 + 11. Let p be c(-4). Let q = -33 - p. What is the remainder when (-94)/(-6) - (q/9 - -2) is divided by 3?
0
Let r = 42 + -31. Suppose -2*g - 3*n = -30, 3*g + 5*n - 46 = -0*g. Let m = g + 15. What is the remainder when m is divided by r?
5
Let f = 326 - 251. Suppose -f*a = -84*a + 675. Calculate the remainder when 291 is divided by a.
66
Let z = -422 - -734. Suppose -2*k - 2*x + 67 = 3, -5*k - 4*x = -163. What is the remainder when z is divided by k?
32
Suppose -5*g = -3*d + 53448, -3*g - 8691 = d + 23389. What is the remainder when 267 is divided by (10/(-6))/(330/g)?
51
Suppose -20 = -4*y - 4*k + 12, 5*y - k = 70. Suppose 0 = g - b - 23, 0*b + 23 = g + b. What is the remainder when g is divided by y?
10
Suppose -103 = -8*d + 25. Let h(s) = -s**3 + 16*s**2 + 2*s - 13. Calculate the remainder when h(d) is divided by 11.
8
Suppose 4*i + 0 = 44. Suppose -i*s + 2*s = -1521. Suppose 0*f - 13*f = -s. Calculate the remainder when f is divided by 4.
1
Suppose 0*c + 16 = c. Let k(q) = -8*q - 20. Let r(f) = 9*f + 21. Let d(n) = 3*k(n) + 2*r(n). What is the remainder when c is divided by d(-4)?
4
Let v = -3161 - -3625. Calculate the remainder when v is divided by 133.
65
Suppose 92 = 56*o - 76. What is the remainder when 21*((-13)/(-3) - 1) is divided by ((-37)/o)/((-86)/258)?
33
Suppose 2*i - 477 = 715*k - 720*k, 5*i = -4*k + 1150. What is the remainder when 454 is divided by i?
2
What is the remainder when ((-5 - 1) + 6 - -5)*4185/25 is divided by 228?
153
Suppose -3*f + 123 - 19 = 5*h, -3*f + h = -80. Calculate the remainder when 2011 is divided by f.
23
Suppose 135*b - 95 = 130*b. Let g = -839 - -895. Calculate the remainder when g is divided by b.
18
Let x = 1038 - 1019. Let w = 7 + -13. Let l(p) = -4*p - 14. Calculate the remainder when x is divided by l(w).
9
Calculate the remainder when 1853 is divided by 10/130*-2 - (314/(-13) + 0).
5
Let r(c) be the third derivative of -11*c**6/60 - 2*c**5/15 - 5*c**4/12 - c**3/6 + 4*c**2 - 3*c. What is the remainder when 274 is divided by r(-1)?
21
Let y(c) = 18*c + 73. Suppose -w - 3*j = 0, 5*w - 5*j = -j. Suppose -2*r + 2*z = 3*z - 42, 2*z - 46 = -2*r. What is the remainder when y(w) is divided by r?
16
Suppose -2 = 5*x + 8. Let c(l) = -l**3 - 2*l + 1. Let f(n) = -n**3 - 9*n**2 - 16*n - 6. What is the remainder when c(x) is divided by f(-7)?
5
What is the remainder when ((-78)/1144*11)/((-6)/7448) is divided by 154?
7
What is the remainder when 5/(-4) + 1 + ((-239336)/(-32) - 18) is divided by 82?
81
Let t = -327 + 547. Calculate the remainder when t is divided by (-4)/10*4550/(-140).
12
Let c = 9103 + -9066. Calculate the remainder when (-22 + 1)*90/(-21) is divided by c.
16
Suppose -5*m + 5*i = -87 + 72, 4*m - 12 = -i. Let j(l) = -2*l - 2. Let g be j(-4). Calculate the remainder when m/(-2)*(-124)/g is divided by 16.
15
Suppose x + 22 = 2*w - 23, 0 = -5*x + 25. Let j be (-9)/15 + 90/w. Suppose -3*z + 206 = -j*t + 59, 2 = -t. Calculate the remainder when z is divided by 25.
22
Let a(k) = k**2 - 10*k + 11. Let w be a(8). Suppose -10*c - 183 = -3. Let n = w - c. Calculate the remainder when 89 is divided by n.
11
Calculate the remainder when 55*(-344)/(-40)*1 is divided by 79.
78
Suppose -4*m = -7*p + 3*p + 44, -5*m + 85 = 5*p. Suppose -28 = -4*k - 4. Suppose 68 = k*u - 5*u. Calculate the remainder when u is divided by p.
12
Suppose -3*k = -5*x + 13574, 2*x + 104*k - 5473 = 99*k. What is the remainder when x is divided by 44?
35
Let z = -181 - -206. What is the remainder when ((-372)/10)/(129/(-430)) is divided by z?
24
Let x(w) = -w + 80. Let r be -3 - (-2 + 31 + -6). What is the remainder when x(r) is divided by 11?
7
Let c(m) = -2*m**2 + 5*m - 23. Let v(b) = b**2 + 9*b + 5. Let h be v(-9). Let w be c(h). Let d = -33 - w. What is the remainder when 72 is divided by d?
12
Let j(n) = 2*n**3 + 37*n**2 + 23*n + 103. Calculate the remainder when j(-14) is divided by 31.
26
Suppose 3*p = 2*c + 129, 152*p - 47 = 151*p + 2*c. What is the remainder when 3/((-190)/(-94) - 2) is divided by p?
18
Let j(p) be the third derivative of 0 + 0*p - 1/8*p**4 - 20*p**2 + 1/60*p**5 - 1/2*p**3. What is the remainder when 72 is divided by j(8)?
35
Suppose -o + 924 = 876. What is the remainder when 1965 is divided by o?
45
Suppose -u - 2*r + 0*r = -18, -3*u - 4*r = -44. Suppose -5*x + w - 12 = 0, -u*w = 4*x - 4*w. What is the remainder when 0 + -3 - (x - 4) - -22 is divided by 14?
11
Let w be -5 + 5 - (-3 - 2). What is the remainder when (w - 9) + -4 + 45 is divided by 8?
5
Suppose 4*h - 24 = -p, 4*p = -3*h + 6*p + 7. Suppose -20*u + 17*u - 960 = -h*x, 0 = 3*u. Calculate the remainder when x is divided by 50.
42
Let a be (-5)/(-1) - (6 + -7). Suppose 0 = 4*v - 16, -a*v + 3*v = 3*q - 66. What is the remainder when 66 is divided by q?
12
Calculate the remainder when 429/2*(-60)/(-45) is divided by ((-252)/49)/(3/(-14)).
22
Let o = -226 + 236. Let v be (8/6 - (2 + -1))*-9. What is the remainder when 120 + v + 1 - 1 is divided by o?
7
Suppose 138*k - 11364 = 16374. What is the remainder when k is divided by 24?
9
Let m = -140 - -143. What is the remainder when 125 is divided by (8/(-6) + 2)/(m/72)?
13
Let i = -1537 + 2182. Let n = i + -312. What is the remainder when n is divided by 85?
78
Let m(o) = 196*o**2 + 21*o + 39. Let n be m(-3). Suppose -6*v + 612 + n = 0. What is the remainder when v is divided by 18?
14
Calculate the remainder when 91 is divided by 15 + -5 + -11 + 21.
11
Calculate the remainder when 3290 is divided by 92/(-276) - ((-2576)/105)/((-2)/(-5)).
57
Suppose 142*k = 27*k + 17595. Let c(b) = 20*b - 1. Suppose -y = -4*y - 3*p - 6, -y + 2*p = -10. Calculate the remainder when k is divided by c(y).
36
Let m(r) = -5*r + 23. What is the remainder when 2028 is divided by m(1)?
12
Suppose c = -15*f - 0*c + 282, 4*c = -5*f + 83. What is the remainder when f is divided by 14?
5
Let y(n) = -16*n - 44. Let j be y(-3). Suppose -7*k = -j*k + 5*r - 46, 0 = -2*r - 2. Let o(t) = -65*t - 1. Calculate the remainder when o(-1) is divided by k.
13
Let i = -18382 - -18425. Calculate the remainder when 9027 is divided by i.
40
What is the remainder when 1058 + -604 - (2 + -7)/(-1) is divided by 78?
59
What is the remainder when ((-40)/88)/((-1)/121) is divided by 11?
0
Let s(g) = 25*g**3 - 3*g**2 + 13*g + 3. Calculate the remainder when 2779 is divi